2*d + 2 - 15, -3*d = o + 17. What is l(d)?
-5
Let q be 21/7*-1 - -9. Let d(g) = 2*g - 7. What is d(q)?
5
Let g(b) = 2*b**2 + 120*b - 4. Let n be g(-60). Let m(l) = l**2 + 8*l + 10. What is m(n)?
-6
Let c(n) be the second derivative of n**3/2 - 2*n**2 + 9*n - 2. Calculate c(6).
14
Let z(r) = 2*r + 9. Let p(d) = d + 3. Let n(h) = 8*p(h) - 3*z(h). Let w be (9 - 2)*(-12)/14. Let t be 3 - (-4)/(-8)*w. What is n(t)?
9
Let b(n) = -3*n - 7. Let p(l) = -l + 1. Let w(o) = -2*o - 18. Let r(x) = -4*p(x) - w(x). Let q(t) = -7*b(t) - 3*r(t). Suppose 34*u - 45 = 43*u. Give q(u).
-8
Let x be (-1 - 5)*(-6)/18. Let n(m) = 7 + 2*m - 5 + 4*m**x + 2*m - 3*m**2. Determine n(-5).
7
Let z(x) be the first derivative of -3*x**3 - 7 - 3*x**2 + 11*x - 1/4*x**4. Determine z(-8).
-5
Let h(x) = 7*x**2 + 5*x + 6. Let a(u) = 4*u**2 + 3*u + 3. Suppose -3*f + 16 + 2 = 4*j, 0 = f - 2. Let g(q) = j*h(q) - 5*a(q). Calculate g(3).
12
Let u(y) = -2*y - 7. Let w be u(-7). Let z(g) be the first derivative of g**4/4 - 7*g**3/3 - 3*g**2/2 + 9*g + 1517. Give z(w).
-12
Let x(p) = -7*p + 17 - 2*p**3 - 3*p**3 - 5*p**2 + 4*p**3 - 21. What is x(-3)?
-1
Let a(g) = -g - 80 - g**3 - 81 - 6*g + 153 + 7*g**2. Give a(6).
-14
Suppose 61 = 5*l + 81. Let s(u) = -5 - u**3 + 1 + 2*u**2 - 6*u**2. Give s(l).
-4
Let w(z) be the second derivative of -z**5/20 - 2*z**4/3 - 3*z**3/2 - 3*z**2 + 133*z. Calculate w(-7).
8
Let n(d) be the third derivative of d**6/120 - 7*d**5/60 + 3*d**4/8 - 4*d**3/3 - 66*d**2. Determine n(6).
10
Let t(h) = 3*h + 8. Let r(n) = -3*n - 7. Let l(x) = 4*r(x) + 3*t(x). Let c(i) = -3*i + 49. Let m be c(18). Determine l(m).
11
Suppose s - 1 = 0, -5*z + s = -s - 13. Suppose -3*b - 4*v - 17 = 0, 3*v = 7*b - z*b - 19. Let t(d) = 0*d**2 + 0*d + d - 18*d**2. Calculate t(b).
-17
Let c(v) = -v - 1. Suppose 6*i - 2*i - 8 = 0. Let r be (-1)/(0 - i)*2. Let n be (-1)/r + 0/(-6). Calculate c(n).
0
Let v(x) = -x**2 - 8*x - 9. Let b be -6 - 96/(-84)*(-7)/2. Determine v(b).
-29
Let f(k) = 17 - 2*k**2 - 9*k**3 + 11 - 27. Let l = -36 + 35. What is f(l)?
8
Let i(v) = 5*v**2 - 5*v - 23. Let c(f) = -f**2 + f + 5. Let o(a) = -11*c(a) - 2*i(a). Calculate o(0).
-9
Let n(f) be the second derivative of -3*f**7/140 - f**5/120 + f**4/24 - 11*f**3/6 - 16*f. Let m(d) be the second derivative of n(d). Calculate m(1).
-18
Let a(u) = -u**3 + 4*u**2 - 3*u + 1. Let c be 21/6*(-12)/(-7). Suppose -2*f = 2 - c. Suppose 1 = -f*b + 7. Calculate a(b).
1
Let w be (4 + 7 - -4)/(3 - 0). Let d(i) = 3*i - 16. Calculate d(w).
-1
Let w(u) be the second derivative of -u**4/12 + 2*u**3/3 + 4*u**2 + 7*u - 12. Determine w(6).
-4
Let n(j) = 16*j**3 + 11*j + 4. Let m(s) = 12*s**3 + 9*s + 3. Let y(d) = 5*m(d) - 4*n(d). What is y(-1)?
2
Let s(i) = -3*i - 6. Let q be (-4)/(-1) + (-93)/(-3). Suppose -q = 4*c + 3*m - 9, -4*m - 33 = 5*c. What is s(c)?
9
Let n = -476 + 484. Let s(i) be the second derivative of -1/20*i**5 + 1/2*i**3 + 5/12*i**4 - 3*i**2 - n*i + 0. Give s(5).
9
Suppose 39*q = q - 342. Let p(z) = 3*z + 7. Determine p(q).
-20
Suppose -142 = -t - 0*t. Suppose 5*w - t + 42 = -2*j, -4*j - 16 = -2*w. Suppose 0 = -3*x - 0*x - w. Let k(f) = f - 1. Determine k(x).
-7
Suppose 3*m = -n + 11, -2*n + 0 = -4. Suppose m*x + 10 = 8*x. Let h(d) = 5*d**2 - 1 + 0 + 5 + 3*d + d**3 - 10*d**x. What is h(4)?
0
Let z(o) = -2*o - 632*o**3 + 633*o**3 - 4*o**2 - 2*o**2 + 6. Give z(6).
-6
Let g(o) = -2*o**3 - 2*o - 1. Suppose 4 = -2*j - 4*m, -22*m = 2*j - 27*m + 4. Determine g(j).
19
Let l(o) = 5*o**2 - 11*o - 9*o**2 + 12*o**2 + o**3 - 12 + 2. Determine l(-9).
8
Let d(t) be the third derivative of t**6/720 + t**5/24 - t**4/8 - 4*t**2. Let y(m) be the second derivative of d(m). Determine y(-7).
-2
Let b(y) be the third derivative of 13*y**4/24 - y**3/3 - 199*y**2. Determine b(-2).
-28
Let x(t) be the third derivative of t**4/24 + 12*t**2. Let a(d) = 7. Let u(m) = a(m) - x(m). Give u(4).
3
Let o(d) = 2*d**3 - 7*d**2 - d + 6. Let h(z) = z**3 - 5*z**2 - z + 3. Let u(t) = 5*h(t) - 3*o(t). Give u(-4).
5
Let r(n) be the third derivative of n**5/60 + n**4/6 + 2*n**3/3 - 221*n**2. Suppose -2*s = 2*s + 16. Give r(s).
4
Let t(l) = 11*l**2 - l. Let d = 2 + -4. Determine t(d).
46
Let q(z) = 2*z + 1. Let k be (-80)/(-15)*(-6)/(-4). Let f = k + -4. Suppose 6*n + f = 2*n. Give q(n).
-1
Let f(p) = -p**2 - 6*p + 1. Suppose 8*m - 256 = 16*m. Let i = -38 - m. Give f(i).
1
Let a = 17 - 11. Let d = -12 + a. Let v(m) = m**2 + 9*m + 9. Calculate v(d).
-9
Let p(k) = -2816*k**2 - 3*k + 1 + 1406*k**2 + 1409*k**2. Determine p(4).
-27
Let m(g) = -g**3 + 8. Let q(y) = -2*y**3 + 10*y**2 - 11*y - 3. Let h be q(3). Give m(h).
8
Let b(g) = -4*g - 4 + 4 + 1 + 7. Let r(x) = 9*x - 17. Let p(c) = -5*b(c) - 2*r(c). What is p(5)?
4
Let l(o) = -2*o + 12 + 6*o + 11 - 20 - 2*o. Give l(-7).
-11
Let u(r) be the first derivative of 10*r**2 - 16 - 9*r**2 - 5*r - r. Let s = 4 + 2. Give u(s).
6
Let i = -81 + 82. Let t(b) = 0 - 3*b - 6 + 6 - i. What is t(-3)?
8
Suppose 4*n - 304 = -o, -3*n + n - 578 = -2*o. Let u(l) = -292 + 2*l + o. Determine u(4).
8
Let m(f) = f**2 + 54 + 3*f**3 - 4*f**3 - 91. What is m(0)?
-37
Let a(k) be the third derivative of k**6/120 + k**5/20 - k**4/8 + 7*k**3/6 + 251*k**2. Calculate a(-4).
3
Let j(c) be the third derivative of -19*c**4/24 - c**3/6 + 48*c**2. Determine j(-1).
18
Let t(v) = 794 - v - 1594 + 802. Give t(1).
1
Let f(v) be the first derivative of 0*v + 7 - v**3 - 1/24*v**4 - 5/2*v**2. Let t(j) be the second derivative of f(j). What is t(5)?
-11
Let h(l) = l**2 + 4*l + 3. Suppose 2*t = -0*t - 4. Calculate h(t).
-1
Let z(k) = -9*k**2 - 1. Let m be -2*(1 - 25/10). Suppose 5*u + 3*p - 3 - 4 = 0, -1 = -m*u - p. What is z(u)?
-10
Let k(i) be the second derivative of -5*i**4/6 - i**2/2 - i. Let w = 25 + -23. Suppose w + 1 = -3*c. Give k(c).
-11
Let j(x) = 2*x**2 + 4*x. Let d be j(-2). Let i be (-4)/8*(d + -4). Let s(y) = 2*y + 5*y + 4 + y**i + y. Calculate s(-3).
-11
Let y(i) = i**3 + 18*i**2 + 76*i - 24. Let z be y(-8). Let h(x) = x**2 - 4*x - 27. Give h(z).
5
Let o(d) = -d - 2. Suppose 2*c + 0 = -4. Let k be o(c). Suppose 5*b + k*s - s - 20 = 0, -25 = -b - 4*s. Let a(h) = h**3 - 4*h**2 - 4*h - 7. Calculate a(b).
-2
Let q(j) = 3*j + 2. Let o(v) = 20*v + 22. Let m(h) = o(h) - 8*q(h). What is m(13)?
-46
Let z = -6 + 9. Suppose 0*x = -5*d - x + 19, -z*d + 4*x = -16. Let o(a) = -a**3 + 5*a**2 - 5*a + 4. What is o(d)?
0
Suppose 4*d = h - 21, -3*h + 5*d = -1 - 27. Let y be (4 + -5)/(h/(-2)). Let s(r) = -r + r**2 + 2*r - 3*r**2. Give s(y).
-6
Let d(r) = -7*r**2 + 1 - r + 8*r**2 - 5*r**2 - 3*r + r**3. Give d(5).
6
Let l be (-24)/588*7*14/(-24). Let t(b) be the second derivative of -l*b**3 + 0 - 1/12*b**4 + 3/2*b**2 - 6*b. Calculate t(-3).
-3
Let q(a) be the second derivative of a**4/12 - 3*a**3/2 - a**2 + 202*a. Calculate q(9).
-2
Let d be 2 + (-4 - (-14)/6). Let v(w) be the second derivative of -d*w**3 + 2*w**2 + 4*w + 0 - 1/12*w**4. Determine v(-4).
-4
Let q = -2 - -3. Suppose v - q = 4*c + 2*v, 8 = -2*c + 2*v. Let f(b) = -9*b**3 + 1. Calculate f(c).
10
Let n(s) = 3*s**2 + 17*s + 8. Let h(d) be the second derivative of -d**4/6 - 3*d**3/2 - 2*d**2 + 2*d. Let t(l) = -5*h(l) - 3*n(l). Give t(6).
-4
Let h(b) be the first derivative of 0*b - 1/3*b**3 + 7/2*b**2 - 7. Let w be -7 + 13 + 0 + -1. Determine h(w).
10
Let f(r) = 2*r + 10. Let z be (-2460)/540 - (-12)/(-27). Calculate f(z).
0
Let j(a) be the third derivative of -a**7/2520 - a**6/360 - a**5/120 + 7*a**4/8 - 17*a**2. Let v(g) be the second derivative of j(g). What is v(-1)?
0
Let o(h) = 9*h - 42. Let c = 698 + -693. Calculate o(c).
3
Suppose 3*m + 5*q = 1, 2*m - 10 = -2*m + 2*q. Let u be ((-3)/5)/((-27)/(-15) - m). Let v(b) = -b + 3. Determine v(u).
0
Let p(z) = -2*z**2 + 24*z + 32. Let y be p(13). Let m(h) = 3*h**2 - 15*h + 8. What is m(y)?
26
Suppose 0 = 2*z + 1 - 3. Let y(v) = -28*v - 572*v**3 + 566*v**3 + 7*v + 1 + 20*v. What is y(z)?
-6
Let w(l) = 1117*l**2 + l - 1118*l**2 + 19*l - 3*l. Calculate w(13).
52
Let w be 7 + -4 + 0 - (0 - 1). Let l(n) = n + 3 - w + 5 + 0. Calculate l(-6).
-2
Let p(o) = 2*o + 2. Let r(l) = l**2 - l - 4. Let a be r(5). Suppose i = 3*h + 15, 5*i - 47 = 5*h + 18. Let n = a - i. Give p(n).
10
Let g be 2/(-41) - 6308/(-1558). Let c(n) = -2*n**2 + 3*n - 7. Calculate c(g).
-27
Let g(s) = 3 + 5 + 1 - 1